{"id":235,"date":"2010-02-02T14:43:21","date_gmt":"2010-02-02T13:43:21","guid":{"rendered":"http:\/\/www.grundschule-birkesdorf.de\/kgsbd\/?page_id=235"},"modified":"2011-02-26T15:23:20","modified_gmt":"2011-02-26T14:23:20","slug":"religiose-erziehung","status":"publish","type":"page","link":"https:\/\/www.grundschule-birkesdorf.de\/?page_id=235","title":{"rendered":"Religi\u00f6se Erziehung"},"content":{"rendered":"<p style=\"text-align: justify;\">Der Religionsunterricht steht im Dienste von Lebens- und Orientierungshilfe f\u00fcr die Gegenwart. Fundierte Bibelkenntnisse werden vermittelt und auf der Grundlage neuzeitlicher Exegese erarbeitet. Dieses tr\u00e4gt zum Verst\u00e4ndnis der eigenen Lebenswirklichkeit und somit auch abendl\u00e4ndischer Kultur bei.<\/p>\n<p style=\"text-align: justify;\">Die Kinder werden zu toleranter Haltung gegen\u00fcber den in der Schule vertretenen Religionen erzogen. Die im Religionsunterricht vermittelten Inhalte des christlichen Glaubens sollen die Kinder zu einem verantwortungsbewussten Umgang miteinander erziehen. Grundlage daf\u00fcr ist das christliche Menschenbild, das davon ausgeht, dass jedes Gesch\u00f6pf seine ganz eigene W\u00fcrde besitzt, die auch in Auseinandersetzungen respektiert werden muss.<\/p>\n<p style=\"text-align: center;\"><img loading=\"lazy\" decoding=\"async\" class=\"size-medium wp-image-382  aligncenter\" title=\"kirche2\" src=\"https:\/\/www.grundschule-birkesdorf.de\/kgsbd\/wp-content\/uploads\/2010\/02\/kirche2-225x300.jpg\" alt=\"\" width=\"225\" height=\"300\" srcset=\"https:\/\/www.grundschule-birkesdorf.de\/kgsbd\/wp-content\/uploads\/2010\/02\/kirche2-225x300.jpg 225w, https:\/\/www.grundschule-birkesdorf.de\/kgsbd\/wp-content\/uploads\/2010\/02\/kirche2.jpg 450w\" sizes=\"auto, (max-width: 225px) 100vw, 225px\" \/><\/p>\n<p style=\"text-align: justify;\">In die unterrichtliche Arbeit sind die kirchlichen Feste ebenso eingebunden wie die Zusammenarbeit mit der Pfarrgemeinde, die sich z. B. in der Mitgestaltung von Gottesdiensten ausdr\u00fcckt. Dabei ist es f\u00fcr das Kollegium aus p\u00e4dagogischer Verantwortung im Sinne einer wohlverstandenen Toleranz selbstverst\u00e4ndlich, die Kinder aller Bekenntnisse respektvoll in die unterrichtliche Arbeit zu integrieren und alle Kinder \u00fcber die unterschiedlichen religi\u00f6sen Sitten und Gebr\u00e4uche zu informieren. In diesem Sinne unterhalten wir regelm\u00e4\u00dfige Kontakte zur katholischen und evangelischen Kirche, sowie zur islamischen Gemeinde in der Veldener Stra\u00dfe.<\/p>\n<p style=\"text-align: justify;\">\n","protected":false},"excerpt":{"rendered":"<p>Der Religionsunterricht steht im Dienste von Lebens- und Orientierungshilfe f\u00fcr die Gegenwart. Fundierte Bibelkenntnisse werden vermittelt und auf der Grundlage neuzeitlicher Exegese erarbeitet. Dieses tr\u00e4gt zum Verst\u00e4ndnis der eigenen Lebenswirklichkeit und somit auch abendl\u00e4ndischer Kultur bei. Die Kinder werden zu &hellip; <a href=\"https:\/\/www.grundschule-birkesdorf.de\/?page_id=235\">Weiterlesen <span class=\"meta-nav\">&rarr;<\/span><\/a><\/p>\n","protected":false},"author":1,"featured_media":0,"parent":549,"menu_order":60,"comment_status":"closed","ping_status":"closed","template":"","meta":{"footnotes":""},"class_list":["post-235","page","type-page","status-publish","hentry"],"_links":{"self":[{"href":"https:\/\/www.grundschule-birkesdorf.de\/index.php?rest_route=\/wp\/v2\/pages\/235","targetHints":{"allow":["GET"]}}],"collection":[{"href":"https:\/\/www.grundschule-birkesdorf.de\/index.php?rest_route=\/wp\/v2\/pages"}],"about":[{"href":"https:\/\/www.grundschule-birkesdorf.de\/index.php?rest_route=\/wp\/v2\/types\/page"}],"author":[{"embeddable":true,"href":"https:\/\/www.grundschule-birkesdorf.de\/index.php?rest_route=\/wp\/v2\/users\/1"}],"replies":[{"embeddable":true,"href":"https:\/\/www.grundschule-birkesdorf.de\/index.php?rest_route=%2Fwp%2Fv2%2Fcomments&post=235"}],"version-history":[{"count":6,"href":"https:\/\/www.grundschule-birkesdorf.de\/index.php?rest_route=\/wp\/v2\/pages\/235\/revisions"}],"predecessor-version":[{"id":565,"href":"https:\/\/www.grundschule-birkesdorf.de\/index.php?rest_route=\/wp\/v2\/pages\/235\/revisions\/565"}],"up":[{"embeddable":true,"href":"https:\/\/www.grundschule-birkesdorf.de\/index.php?rest_route=\/wp\/v2\/pages\/549"}],"wp:attachment":[{"href":"https:\/\/www.grundschule-birkesdorf.de\/index.php?rest_route=%2Fwp%2Fv2%2Fmedia&parent=235"}],"curies":[{"name":"wp","href":"https:\/\/api.w.org\/{rel}","templated":true}]}}