{"id":310,"date":"2010-02-02T17:03:08","date_gmt":"2010-02-02T16:03:08","guid":{"rendered":"http:\/\/www.grundschule-birkesdorf.de\/kgsbd\/?page_id=310"},"modified":"2020-08-31T13:14:01","modified_gmt":"2020-08-31T12:14:01","slug":"schulbucherei","status":"publish","type":"page","link":"https:\/\/www.grundschule-birkesdorf.de\/?page_id=310","title":{"rendered":"Sch\u00fclerb\u00fccherei"},"content":{"rendered":"<p><img loading=\"lazy\" decoding=\"async\" class=\"alignleft size-thumbnail wp-image-353\" style=\"margin: 5px; border: 5px solid black;\" title=\"buecherei1s\" src=\"https:\/\/www.grundschule-birkesdorf.de\/kgsbd\/wp-content\/uploads\/2010\/02\/buecherei1s-150x150.jpg\" alt=\"\" width=\"150\" height=\"150\" \/><\/p>\n<p style=\"text-align: justify;\">Eine kleine Raupe schm\u00fcckt den Lichtschalter neben der T\u00fcr zu unserer Sch\u00fclerb\u00fccherei.<\/p>\n<p><img loading=\"lazy\" decoding=\"async\" class=\"aligncenter size-full wp-image-354\" title=\"buecherei4s\" src=\"https:\/\/www.grundschule-birkesdorf.de\/kgsbd\/wp-content\/uploads\/2010\/02\/buecherei4s.jpg\" alt=\"\" width=\"450\" height=\"165\" srcset=\"https:\/\/www.grundschule-birkesdorf.de\/kgsbd\/wp-content\/uploads\/2010\/02\/buecherei4s.jpg 450w, https:\/\/www.grundschule-birkesdorf.de\/kgsbd\/wp-content\/uploads\/2010\/02\/buecherei4s-300x110.jpg 300w\" sizes=\"auto, (max-width: 450px) 100vw, 450px\" \/><\/p>\n<p style=\"text-align: justify;\">Vor einigen Jahren entstand in enger Zusammenarbeit des Kollegiums und der Elternschaft \u2013 mit gro\u00dfer finanzieller Unterst\u00fctzung des F\u00f6rdervereins \u2013 unsere Sch\u00fclerb\u00fccherei. In der Sch\u00fclerb\u00fccherei finden sich B\u00fccher verschiedener Kategorien. Sowohl Erstleser und Erstleserinnen als auch fortgeschrittene Leser und Leserinnen finden hier B\u00fccher, die sie interessieren. Die B\u00fccher des Antolin-Projektes sind dabei speziell gekennzeichnet und k\u00f6nnen somit von den Kindern leicht gefunden werden. Die t\u00e4gliche Ausleihe der B\u00fccher an die Sch\u00fclerinnen und Sch\u00fcler ist nur durch die Mitarbeit vieler engagierter Eltern m\u00f6glich.<\/p>\n<p>Hinweis: Zur Zeit ist unsere Sch\u00fclerb\u00fccherei geschlossen.<\/p>\n<p><img loading=\"lazy\" decoding=\"async\" class=\"aligncenter size-full wp-image-312\" title=\"buechereis\" src=\"https:\/\/www.grundschule-birkesdorf.de\/kgsbd\/wp-content\/uploads\/2010\/02\/buechereis.jpg\" alt=\"\" width=\"450\" height=\"338\" srcset=\"https:\/\/www.grundschule-birkesdorf.de\/kgsbd\/wp-content\/uploads\/2010\/02\/buechereis.jpg 450w, https:\/\/www.grundschule-birkesdorf.de\/kgsbd\/wp-content\/uploads\/2010\/02\/buechereis-300x225.jpg 300w\" sizes=\"auto, (max-width: 450px) 100vw, 450px\" \/><\/p>\n<p style=\"text-align: justify;\"><img loading=\"lazy\" decoding=\"async\" class=\"size-medium wp-image-356 alignleft\" title=\"buecherei7s\" src=\"https:\/\/www.grundschule-birkesdorf.de\/kgsbd\/wp-content\/uploads\/2010\/02\/buecherei7s-225x300.jpg\" alt=\"\" width=\"225\" height=\"300\" srcset=\"https:\/\/www.grundschule-birkesdorf.de\/kgsbd\/wp-content\/uploads\/2010\/02\/buecherei7s-225x300.jpg 225w, https:\/\/www.grundschule-birkesdorf.de\/kgsbd\/wp-content\/uploads\/2010\/02\/buecherei7s.jpg 450w\" sizes=\"auto, (max-width: 225px) 100vw, 225px\" \/><span style=\"color: #ffffff;\">&#8230;<\/span><img loading=\"lazy\" decoding=\"async\" class=\"size-medium wp-image-355 alignright\" title=\"buecherei5s\" src=\"https:\/\/www.grundschule-birkesdorf.de\/kgsbd\/wp-content\/uploads\/2010\/02\/buecherei5s-225x300.jpg\" alt=\"\" width=\"225\" height=\"300\" srcset=\"https:\/\/www.grundschule-birkesdorf.de\/kgsbd\/wp-content\/uploads\/2010\/02\/buecherei5s-225x300.jpg 225w, https:\/\/www.grundschule-birkesdorf.de\/kgsbd\/wp-content\/uploads\/2010\/02\/buecherei5s.jpg 450w\" sizes=\"auto, (max-width: 225px) 100vw, 225px\" \/><\/p>\n","protected":false},"excerpt":{"rendered":"<p>Eine kleine Raupe schm\u00fcckt den Lichtschalter neben der T\u00fcr zu unserer Sch\u00fclerb\u00fccherei. Vor einigen Jahren entstand in enger Zusammenarbeit des Kollegiums und der Elternschaft \u2013 mit gro\u00dfer finanzieller Unterst\u00fctzung des F\u00f6rdervereins \u2013 unsere Sch\u00fclerb\u00fccherei. In der Sch\u00fclerb\u00fccherei finden sich B\u00fccher &hellip; <a href=\"https:\/\/www.grundschule-birkesdorf.de\/?page_id=310\">Weiterlesen <span class=\"meta-nav\">&rarr;<\/span><\/a><\/p>\n","protected":false},"author":1,"featured_media":0,"parent":63,"menu_order":80,"comment_status":"closed","ping_status":"closed","template":"","meta":{"footnotes":""},"class_list":["post-310","page","type-page","status-publish","hentry"],"_links":{"self":[{"href":"https:\/\/www.grundschule-birkesdorf.de\/index.php?rest_route=\/wp\/v2\/pages\/310","targetHints":{"allow":["GET"]}}],"collection":[{"href":"https:\/\/www.grundschule-birkesdorf.de\/index.php?rest_route=\/wp\/v2\/pages"}],"about":[{"href":"https:\/\/www.grundschule-birkesdorf.de\/index.php?rest_route=\/wp\/v2\/types\/page"}],"author":[{"embeddable":true,"href":"https:\/\/www.grundschule-birkesdorf.de\/index.php?rest_route=\/wp\/v2\/users\/1"}],"replies":[{"embeddable":true,"href":"https:\/\/www.grundschule-birkesdorf.de\/index.php?rest_route=%2Fwp%2Fv2%2Fcomments&post=310"}],"version-history":[{"count":18,"href":"https:\/\/www.grundschule-birkesdorf.de\/index.php?rest_route=\/wp\/v2\/pages\/310\/revisions"}],"predecessor-version":[{"id":1978,"href":"https:\/\/www.grundschule-birkesdorf.de\/index.php?rest_route=\/wp\/v2\/pages\/310\/revisions\/1978"}],"up":[{"embeddable":true,"href":"https:\/\/www.grundschule-birkesdorf.de\/index.php?rest_route=\/wp\/v2\/pages\/63"}],"wp:attachment":[{"href":"https:\/\/www.grundschule-birkesdorf.de\/index.php?rest_route=%2Fwp%2Fv2%2Fmedia&parent=310"}],"curies":[{"name":"wp","href":"https:\/\/api.w.org\/{rel}","templated":true}]}}