{"id":363,"date":"2010-02-17T13:49:09","date_gmt":"2010-02-17T12:49:09","guid":{"rendered":"http:\/\/www.grundschule-birkesdorf.de\/kgsbd\/?page_id=363"},"modified":"2024-11-06T08:45:58","modified_gmt":"2024-11-06T07:45:58","slug":"ogs","status":"publish","type":"page","link":"https:\/\/www.grundschule-birkesdorf.de\/?page_id=363","title":{"rendered":"Offene Ganztagsschule"},"content":{"rendered":"<p style=\"text-align: justify;\">Hier erfolgt die Betreuung der Kinder ab dem jeweiligen Unterrichtsschluss bis 16.00 Uhr. Ein gemeinsames Mittagessen, F\u00f6rderunterricht und Hausaufgabenbetreuung sowie m\u00f6glichst nachmitt\u00e4gliche Kursangebote sind wesentliche Bestandteile dieses schulischen Angebotes. Die neu errichteten R\u00e4ume bieten den Kindern im Zusammenhang mit dem umgestalteten Schulhof sehr gute Lern- und Aufenthaltsm\u00f6glichkeiten.<\/p>\n<p style=\"text-align: justify;\">Die Teilnahme an der \u201eOGS\u201c ist kostenpflichtig.<\/p>\n<p style=\"text-align: justify;\">P\u00e4dagogische Leiterin der OGS ist Frau Barabas. Sie nimmt die Anmeldungen entgegen; n\u00e4here Ausk\u00fcnfte und die entsprechenden Antragsformulare erhalten Sie im Schulsekretariat.<\/p>\n<p>Sie k\u00f6nnen sich auch gerne per Mail an unsere OGS wenden:<\/p>\n<p>ogs@grundschule-birkesdorf.de<\/p>\n<p>Hier sehen Sie die R\u00e4umlichkeiten der Offenen Ganztagsschule.<\/p>\n<div id=\"attachment_366\" style=\"width: 460px\" class=\"wp-caption aligncenter\"><a href=\"https:\/\/www.grundschule-birkesdorf.de\/kgsbd\/wp-content\/uploads\/2010\/02\/ogs10.jpg\"><img loading=\"lazy\" decoding=\"async\" aria-describedby=\"caption-attachment-366\" class=\"size-full wp-image-366\" title=\"ogs10\" src=\"https:\/\/www.grundschule-birkesdorf.de\/kgsbd\/wp-content\/uploads\/2010\/02\/ogs10.jpg\" alt=\"\" width=\"450\" height=\"338\" srcset=\"https:\/\/www.grundschule-birkesdorf.de\/kgsbd\/wp-content\/uploads\/2010\/02\/ogs10.jpg 450w, https:\/\/www.grundschule-birkesdorf.de\/kgsbd\/wp-content\/uploads\/2010\/02\/ogs10-300x225.jpg 300w\" sizes=\"auto, (max-width: 450px) 100vw, 450px\" \/><\/a><p id=\"caption-attachment-366\" class=\"wp-caption-text\">Speisesaal der OGS<\/p><\/div>\n<div id=\"attachment_365\" style=\"width: 460px\" class=\"wp-caption aligncenter\"><a href=\"https:\/\/www.grundschule-birkesdorf.de\/kgsbd\/wp-content\/uploads\/2010\/02\/ogs7.jpg\"><img loading=\"lazy\" decoding=\"async\" aria-describedby=\"caption-attachment-365\" class=\"size-full wp-image-365\" title=\"ogs7\" src=\"https:\/\/www.grundschule-birkesdorf.de\/kgsbd\/wp-content\/uploads\/2010\/02\/ogs7.jpg\" alt=\"\" width=\"450\" height=\"167\" srcset=\"https:\/\/www.grundschule-birkesdorf.de\/kgsbd\/wp-content\/uploads\/2010\/02\/ogs7.jpg 450w, https:\/\/www.grundschule-birkesdorf.de\/kgsbd\/wp-content\/uploads\/2010\/02\/ogs7-300x111.jpg 300w\" sizes=\"auto, (max-width: 450px) 100vw, 450px\" \/><\/a><p id=\"caption-attachment-365\" class=\"wp-caption-text\">Hausaufgabenraum der OGS<\/p><\/div>\n<div id=\"attachment_364\" style=\"width: 460px\" class=\"wp-caption aligncenter\"><a href=\"https:\/\/www.grundschule-birkesdorf.de\/kgsbd\/wp-content\/uploads\/2010\/02\/ogs2.jpg\"><img loading=\"lazy\" decoding=\"async\" aria-describedby=\"caption-attachment-364\" class=\"size-full wp-image-364\" title=\"ogs2\" src=\"https:\/\/www.grundschule-birkesdorf.de\/kgsbd\/wp-content\/uploads\/2010\/02\/ogs2.jpg\" alt=\"\" width=\"450\" height=\"341\" srcset=\"https:\/\/www.grundschule-birkesdorf.de\/kgsbd\/wp-content\/uploads\/2010\/02\/ogs2.jpg 450w, https:\/\/www.grundschule-birkesdorf.de\/kgsbd\/wp-content\/uploads\/2010\/02\/ogs2-300x227.jpg 300w\" sizes=\"auto, (max-width: 450px) 100vw, 450px\" \/><\/a><p id=\"caption-attachment-364\" class=\"wp-caption-text\">Aufenthalts- bzw. Spielr\u00e4ume der OGS<\/p><\/div>\n","protected":false},"excerpt":{"rendered":"<p>Hier erfolgt die Betreuung der Kinder ab dem jeweiligen Unterrichtsschluss bis 16.00 Uhr. Ein gemeinsames Mittagessen, F\u00f6rderunterricht und Hausaufgabenbetreuung sowie m\u00f6glichst nachmitt\u00e4gliche Kursangebote sind wesentliche Bestandteile dieses schulischen Angebotes. Die neu errichteten R\u00e4ume bieten den Kindern im Zusammenhang mit dem &hellip; <a href=\"https:\/\/www.grundschule-birkesdorf.de\/?page_id=363\">Weiterlesen <span class=\"meta-nav\">&rarr;<\/span><\/a><\/p>\n","protected":false},"author":1,"featured_media":0,"parent":219,"menu_order":10,"comment_status":"closed","ping_status":"closed","template":"","meta":{"footnotes":""},"class_list":["post-363","page","type-page","status-publish","hentry"],"_links":{"self":[{"href":"https:\/\/www.grundschule-birkesdorf.de\/index.php?rest_route=\/wp\/v2\/pages\/363","targetHints":{"allow":["GET"]}}],"collection":[{"href":"https:\/\/www.grundschule-birkesdorf.de\/index.php?rest_route=\/wp\/v2\/pages"}],"about":[{"href":"https:\/\/www.grundschule-birkesdorf.de\/index.php?rest_route=\/wp\/v2\/types\/page"}],"author":[{"embeddable":true,"href":"https:\/\/www.grundschule-birkesdorf.de\/index.php?rest_route=\/wp\/v2\/users\/1"}],"replies":[{"embeddable":true,"href":"https:\/\/www.grundschule-birkesdorf.de\/index.php?rest_route=%2Fwp%2Fv2%2Fcomments&post=363"}],"version-history":[{"count":17,"href":"https:\/\/www.grundschule-birkesdorf.de\/index.php?rest_route=\/wp\/v2\/pages\/363\/revisions"}],"predecessor-version":[{"id":2972,"href":"https:\/\/www.grundschule-birkesdorf.de\/index.php?rest_route=\/wp\/v2\/pages\/363\/revisions\/2972"}],"up":[{"embeddable":true,"href":"https:\/\/www.grundschule-birkesdorf.de\/index.php?rest_route=\/wp\/v2\/pages\/219"}],"wp:attachment":[{"href":"https:\/\/www.grundschule-birkesdorf.de\/index.php?rest_route=%2Fwp%2Fv2%2Fmedia&parent=363"}],"curies":[{"name":"wp","href":"https:\/\/api.w.org\/{rel}","templated":true}]}}